{"id":4,"date":"2014-09-18T15:17:14","date_gmt":"2014-09-18T14:17:14","guid":{"rendered":"https:\/\/www.christel-lefebvre-kine.be\/?page_id=4"},"modified":"2014-09-18T15:42:02","modified_gmt":"2014-09-18T14:42:02","slug":"accueil","status":"publish","type":"page","link":"https:\/\/www.christel-lefebvre-kine.be\/","title":{"rendered":"Accueil"},"content":{"rendered":"<p style=\"text-align: center;\">Les chaines musculaires, une m\u00e9thode de kin\u00e9sith\u00e9rapie pour une approche globale et personnalis\u00e9e du patient<\/p>\n<p style=\"text-align: center;\"><a href=\"https:\/\/www.christel-lefebvre-kine.be\/wp-content\/uploads\/2014\/09\/13876621_ml.jpg\"><img loading=\"lazy\" decoding=\"async\" class=\"alignnone size-medium wp-image-16\" src=\"https:\/\/www.christel-lefebvre-kine.be\/wp-content\/uploads\/2014\/09\/13876621_ml-300x285.jpg\" alt=\"13876621_ml\" width=\"300\" height=\"285\" srcset=\"https:\/\/www.christel-lefebvre-kine.be\/wp-content\/uploads\/2014\/09\/13876621_ml-300x285.jpg 300w, https:\/\/www.christel-lefebvre-kine.be\/wp-content\/uploads\/2014\/09\/13876621_ml-1024x975.jpg 1024w, https:\/\/www.christel-lefebvre-kine.be\/wp-content\/uploads\/2014\/09\/13876621_ml.jpg 1404w\" sizes=\"auto, (max-width: 300px) 100vw, 300px\" \/><\/a><\/p>\n","protected":false},"excerpt":{"rendered":"<p>Les chaines musculaires, une m\u00e9thode de kin\u00e9sith\u00e9rapie pour une approche globale et personnalis\u00e9e du patient<\/p>\n","protected":false},"author":1,"featured_media":0,"parent":0,"menu_order":0,"comment_status":"closed","ping_status":"closed","template":"","meta":{"footnotes":""},"class_list":["post-4","page","type-page","status-publish","hentry"],"_links":{"self":[{"href":"https:\/\/www.christel-lefebvre-kine.be\/index.php?rest_route=\/wp\/v2\/pages\/4","targetHints":{"allow":["GET"]}}],"collection":[{"href":"https:\/\/www.christel-lefebvre-kine.be\/index.php?rest_route=\/wp\/v2\/pages"}],"about":[{"href":"https:\/\/www.christel-lefebvre-kine.be\/index.php?rest_route=\/wp\/v2\/types\/page"}],"author":[{"embeddable":true,"href":"https:\/\/www.christel-lefebvre-kine.be\/index.php?rest_route=\/wp\/v2\/users\/1"}],"replies":[{"embeddable":true,"href":"https:\/\/www.christel-lefebvre-kine.be\/index.php?rest_route=%2Fwp%2Fv2%2Fcomments&post=4"}],"version-history":[{"count":2,"href":"https:\/\/www.christel-lefebvre-kine.be\/index.php?rest_route=\/wp\/v2\/pages\/4\/revisions"}],"predecessor-version":[{"id":19,"href":"https:\/\/www.christel-lefebvre-kine.be\/index.php?rest_route=\/wp\/v2\/pages\/4\/revisions\/19"}],"wp:attachment":[{"href":"https:\/\/www.christel-lefebvre-kine.be\/index.php?rest_route=%2Fwp%2Fv2%2Fmedia&parent=4"}],"curies":[{"name":"wp","href":"https:\/\/api.w.org\/{rel}","templated":true}]}}